of z and i.
12
Suppose -136*m = -737 - 351. Calculate the greatest common factor of m and 16.
8
Let r be (-55)/(-22)*480/50. Calculate the highest common divisor of 348 and r.
12
Let t = 13391 - 7154. What is the highest common divisor of t and 21?
21
Let g = -548155 + 548279. Let x be 0 - (-32 + 1)*9. Calculate the greatest common factor of x and g.
31
Let f(q) = q**2 - 13*q - 50. Let c be f(-20). Suppose -10*s = -160 - c. Suppose -9*m - 2*m + s = 0. Calculate the highest common divisor of 28 and m.
7
Suppose 8*n - 35 = 205. Suppose 0 = -3*f, n = -t - 4*t + 3*f. Let i be (-92)/t*-12*10/(-16). Calculate the greatest common factor of i and 23.
23
Suppose 2*n - 2 = 0, 2*w - w + 2*n - 146 = 0. Suppose -2*v = 9*m - 5*m - 504, -m + 4*v = -w. What is the highest common divisor of 320 and m?
64
Suppose 0*w + 2*w = 56. Let a = -593 - -778. Let h = -181 + a. Calculate the greatest common divisor of w and h.
4
Let o be (5 - 299/69)/((33/(-378))/(-11)). Suppose 2*m - 19 = 23. Calculate the greatest common divisor of o and m.
21
Let c = -1628 - -1678. Calculate the greatest common divisor of c and 130.
10
Suppose -3*m - j + 36 = 0, -m - 3*m + 4*j = -64. Let g = -37 - -34. Let n be (g + 237)/(-8 - -10). Calculate the greatest common factor of m and n.
13
Suppose 5*k = 9*b - 13*b + 591, -2*k + 4*b = -270. Calculate the greatest common divisor of k and 41.
41
Let c(i) = -52*i - 137. Let s be c(-3). What is the greatest common divisor of s and 5909?
19
Let w be -12*(-14)/(-70)*(-8)/(64/30). Calculate the highest common factor of 501 and w.
3
Suppose w + 3*u - 241 = 0, w - 5*u + 17 - 202 = 0. What is the greatest common divisor of 130 and w?
10
Suppose -5*i + 3*g = -285, g = 2*i + 6*g - 114. Let j be 2 - 2/(16/(-440)). What is the greatest common divisor of j and i?
57
Let r(o) = -o**3 - 24*o**2 - 6*o - 95. Let v be r(-24). Let d(i) = 28*i. Let x be d(1). Calculate the highest common factor of v and x.
7
Let r = -3420 - -4064. Calculate the highest common factor of r and 460.
92
Suppose -4*t + 2*j + 440 = 0, -3*j - 80 = -5*t + 472. Suppose 2567*h - 2576*h + 108 = 0. What is the highest common factor of t and h?
12
Suppose -m - j = -43, -5*m - 7 = 3*j - 212. Let c be (3 - 2)*179 + 2744/(-343). What is the greatest common divisor of c and m?
19
Let c be (-1 - -2)*(19 - 3). Let f(b) = 87*b - 38. Let o be f(2). What is the highest common factor of o and c?
8
Let b be 1164/58 - (-8)/(-116). Suppose 0*z + b = 5*z + 2*g, -5*z - g + 20 = 0. Calculate the greatest common factor of z and 10.
2
Let m = -1525 + 1535. Let x be 0 + 2/7 + 36/21. What is the highest common divisor of m and x?
2
Let k be (-6)/(-18)*(6 + -15) + (-1 - -3880). What is the highest common divisor of 612 and k?
204
Suppose 104 = 5*d + 19. Let c = -47 + 87. Let l be 49/3 - (c/15)/(-4). Calculate the greatest common divisor of l and d.
17
Let r(q) = -4*q**2 + 92*q - 277. Let t be r(19). What is the greatest common factor of 4509 and t?
27
Suppose -5*j + 1352 = -598. Suppose -1524 = -7*y - j. Let g(f) = -3*f. Let a be g(-18). What is the highest common factor of y and a?
54
Let x = -8 + 14. Let r be ((-6)/(-4))/(x/88). Let n be 1/(16 + (-6669)/418). What is the highest common divisor of n and r?
22
Let z = 224210 + -224033. Let l be (-5)/1*4/(-10). Suppose -l*t + 73 = -45. What is the greatest common divisor of t and z?
59
Let t = -11169 + 11182. Calculate the highest common divisor of t and 2249.
13
Let a be (-102)/(-4) - ((-3)/6 + 188 + -187). What is the greatest common factor of 12800 and a?
25
Let y(o) = -2*o**2 + 237*o - 851. Let i be y(112). Calculate the greatest common divisor of i and 440.
55
Let m = -8 + 12. Suppose -m*y + 1011 = k, 4*y + 4*k = 1187 - 179. Let a = -192 - -215. Calculate the greatest common divisor of a and y.
23
Suppose 4*j - 2*z - 119762 = 0, -3*z - 59923 = -2*j - 8*z. Calculate the greatest common factor of j and 152.
152
Suppose 23562 = 18*h - 105698 + 8084. Calculate the greatest common factor of h and 102.
102
Let j be (-8)/12 - (-232)/6. Let i = 529 + -356. Let x = 230 - i. What is the greatest common divisor of x and j?
19
Suppose 5*p + 2*h - 690 - 597 = 0, 7*h - 720 = -3*p. Calculate the greatest common divisor of p and 609.
87
Let p(q) = -q**2 - 13*q + 758. Let x be p(21). Suppose 3*s - 66 - 117 = 3*f, 249 = 4*s - 3*f. What is the highest common divisor of x and s?
22
Let i be -1*6*(65/10 + -4). Let n be 197 + 3*(-5)/i. What is the highest common factor of n and 44?
22
Let i = -33 - -897. Suppose 2*o = 7*o, -3*o - i = -4*u. What is the greatest common factor of 24 and u?
24
Let g be 4 + (3 - -5)/(3 + -5). Suppose 2*a = -g*w + 2*w - 22, 2*a + 10 = w. Let t = w - 1. Calculate the greatest common factor of 110 and t.
11
Suppose 0 = 332*c - 437*c + 25725. What is the highest common factor of 10 and c?
5
Suppose -5*w + 1327 = 4*o - 4903, 6224 = 4*o + 8*w. Calculate the highest common factor of o and 1482.
78
Let p be ((-12)/15)/(8/(-20)). Suppose -p*t - 9 = -b, b - 2 - 19 = 5*t. Let c be (-45)/75 - (-39)/15. Calculate the greatest common factor of c and b.
1
Let w be (-35112)/(-19)*7/14. What is the greatest common factor of w and 396?
132
Let k be (-3 + (0 - -3))*(-2 + 3). Suppose -14*g + 66 + 354 = k. Suppose 0 = 2*z - 0*z - 90. What is the highest common divisor of g and z?
15
Let d = -1066 - -1077. Calculate the highest common factor of 1705 and d.
11
Let f = 42 - 40. Suppose -f*h + w + 43 = 0, -h + 2*w + 42 = h. Suppose -26 = -4*m + h. Calculate the highest common factor of m and 6.
6
Let x = -9 - -18. Suppose 0 = 3*k - 4*u - 54, 5*u + x = k + 2. Suppose -9*v - 4 = -k. Calculate the highest common divisor of v and 28.
2
Suppose 0 = -2*k + 4*k - 28. Let h be (-72)/k*70/(-15). Let s = -1593 + 1809. Calculate the greatest common divisor of s and h.
24
Suppose -3*h + 534 = 3*r, 441*r - 5*h - 550 = 438*r. What is the highest common divisor of r and 810?
90
Suppose 5*k = -18 - 17. Let m be (6 - -1)*(-66)/k. Let p = m - 12. Calculate the greatest common divisor of 6 and p.
6
Let g(q) = 6*q**2 + 39 + 5*q + 30 - 68. Let l be g(2). What is the highest common factor of 105 and l?
35
Let f = 14515 + -13982. What is the greatest common divisor of 1394 and f?
41
Let f(l) = 2*l**2 - 10*l - 388. Let q be f(-58). Calculate the greatest common factor of 20 and q.
20
Let s = -3749 + 4439. Calculate the greatest common divisor of 4554 and s.
138
Let q(j) = -2*j**2 - 24*j - 14. Let x be q(-9). Let f(i) = -2*i**2 - 13*i + 17. Let v be f(-7). Calculate the highest common divisor of v and x.
10
Suppose -124*u + 150969 = -13083. What is the highest common divisor of 297 and u?
27
Let w = 1447 - 1354. What is the highest common factor of 1891 and w?
31
Let u be (-1792)/20*(-20)/(-2 - 2). Let x = -295 - u. Calculate the greatest common divisor of x and 17.
17
Let j(w) = w**2 - 10*w + 4. Let u be j(9). Suppose 6*l - 2*l = -8. Let a be l/(u/(-165)*-2). What is the highest common divisor of a and 3?
3
Suppose -93*p + 2971 + 1012605 = 199*p. What is the greatest common divisor of p and 2350?
94
Suppose 40*y = 8*y + 62*y - 240. Suppose -996 = -5*d - q, 0*q = -5*d + q + 1004. Calculate the greatest common factor of y and d.
8
Let l(d) = 7*d - 10. Suppose 3*y = y + 6. Let v be l(y). Suppose -4*t + 23 = -4*q + 3, 11 = -5*t - 4*q. What is the greatest common divisor of v and t?
1
Let h(d) = 25*d**3 - 2*d**2 + 3*d - 2. Let i be h(1). Let r = i - 8. Calculate the highest common factor of r and 184.
8
Suppose -309*m + 305*m + 1042 = -2*w, 4*m - 4*w = 1048. Calculate the highest common divisor of m and 925.
37
Let f be (1/7*-180)/(180/4200). Let q be 6 - 1 - f/15. Let w = -25 - -40. What is the highest common factor of q and w?
15
Suppose 45 = 4*b + 11*b. Suppose b*c - 10*c + 462 = 0. What is the greatest common divisor of c and 6?
6
Suppose 0 = -6*p + 2918 - 548. Suppose -2*i + 5*f + p = 0, f = -3*i + 60 + 490. Calculate the greatest common divisor of 37 and i.
37
Let g = -22 + 21. Let f be -2*g/(-2)*-13. Suppose 0*a - 138 = -2*m + 2*a, 0 = -4*m + 3*a + 272. What is the greatest common factor of f and m?
13
Suppose 0 = -9*b + 6*b - 2*v + 207, -5*b + 345 = 4*v. Suppose -b = -7*z + 603. Calculate the highest common factor of 12 and z.
12
Let d(m) = m**2 - 21*m + 84. Suppose -5 = -4*o + 3*n, 2*o - 19 -